highest common divisor of 95938136 and 16.
8
Calculate the greatest common divisor of 826 and 93889414.
118
Calculate the greatest common divisor of 13794458 and 1506.
502
What is the greatest common divisor of 110961930 and 1720?
430
What is the greatest common factor of 281172930 and 2760?
690
What is the highest common factor of 816257752 and 8?
8
Calculate the highest common divisor of 20608 and 924224.
448
Calculate the highest common factor of 34468 and 39968108.
4924
Calculate the greatest common divisor of 2065580 and 3818804.
10076
Calculate the highest common divisor of 33776909 and 680.
17
What is the greatest common divisor of 1817 and 18514195?
23
What is the highest common divisor of 22811690 and 33814?
638
What is the highest common divisor of 20626142 and 3110?
622
Calculate the greatest common divisor of 57011 and 4953892.
1213
Calculate the highest common divisor of 8987 and 2827523.
19
Calculate the greatest common divisor of 547280328 and 96.
24
What is the greatest common divisor of 2115 and 303579?
9
What is the greatest common factor of 19215360 and 560?
80
What is the greatest common divisor of 93318462 and 3933?
171
Calculate the greatest common divisor of 35692 and 2536.
4
Calculate the highest common factor of 239624 and 221144.
616
What is the greatest common divisor of 489031 and 2491?
53
Calculate the greatest common factor of 3702951 and 126.
63
Calculate the greatest common divisor of 139191 and 121134.
39
What is the highest common divisor of 92 and 138774548?
92
What is the highest common factor of 5459656 and 1?
1
Calculate the highest common divisor of 5136 and 1954263408.
5136
What is the greatest common factor of 60 and 27785670?
30
Calculate the highest common divisor of 117493482 and 6.
6
Calculate the greatest common factor of 4253713 and 1527.
509
What is the highest common factor of 21 and 397471053?
21
Calculate the greatest common divisor of 526539034 and 28.
14
What is the highest common divisor of 830958935 and 5?
5
What is the highest common factor of 998 and 9485491?
499
Calculate the greatest common factor of 4 and 27106414.
2
What is the highest common divisor of 3397 and 80736499?
3397
What is the greatest common factor of 8 and 69945?
1
Calculate the highest common factor of 112 and 3275824.
16
What is the highest common divisor of 3757 and 35510093?
17
What is the highest common factor of 16592487 and 9585?
213
Calculate the greatest common factor of 7305 and 97962485.
2435
Calculate the greatest common divisor of 895552 and 14848.
64
What is the greatest common factor of 969 and 7591260?
57
What is the highest common divisor of 38547 and 111?
3
What is the greatest common factor of 153450 and 251658?
6138
What is the highest common divisor of 3762 and 10528166?
418
Calculate the greatest common factor of 18 and 15078861.
9
What is the greatest common factor of 3674 and 6044398?
334
What is the highest common divisor of 83388 and 4020?
12
What is the highest common divisor of 1860183176 and 536?
536
Calculate the highest common factor of 8504 and 523901676.
4252
What is the greatest common divisor of 293 and 15240981?
293
Calculate the greatest common divisor of 11703139 and 23779.
553
Calculate the highest common factor of 3360192 and 1188.
132
Calculate the highest common factor of 370379536 and 9824.
4912
Calculate the highest common factor of 28994238 and 103509.
1953
What is the highest common factor of 47454 and 2037948?
66
Calculate the highest common divisor of 251505 and 494270.
115
What is the greatest common factor of 23689896 and 24?
24
Calculate the greatest common factor of 168 and 216608.
56
What is the highest common factor of 810 and 4425390?
90
Calculate the highest common factor of 4965000 and 105.
15
What is the highest common divisor of 21631 and 39059788?
223
Calculate the highest common factor of 3062560 and 5920.
160
Calculate the greatest common factor of 100154220 and 120.
60
What is the greatest common factor of 7752 and 1248711540?
3876
What is the highest common divisor of 14904 and 52808112?
648
What is the greatest common factor of 180657 and 6669?
27
Calculate the greatest common factor of 9340416 and 38513.
2027
What is the greatest common divisor of 27324 and 1430?
22
What is the highest common divisor of 494 and 16368329?
19
Calculate the greatest common divisor of 512417 and 1771.
23
What is the highest common factor of 11621624 and 685216?
9016
What is the greatest common divisor of 8234699 and 66?
11
Calculate the greatest common divisor of 4500414 and 828.
18
What is the highest common divisor of 242801664 and 8064?
2688
Calculate the highest common divisor of 887 and 64039.
1
Calculate the greatest common factor of 470 and 131918566.
94
What is the greatest common factor of 45512 and 9584?
8
What is the highest common divisor of 73069302 and 1258?
74
What is the greatest common factor of 72033265 and 185?
185
Calculate the greatest common factor of 21244624 and 368.
16
Calculate the greatest common factor of 78027 and 2457431.
839
Calculate the greatest common factor of 71202853 and 61951.
1511
What is the highest common divisor of 345 and 3666195?
15
Calculate the highest common divisor of 78784 and 12846716.
4924
Calculate the greatest common factor of 142761 and 1357.
23
Calculate the greatest common divisor of 1402 and 546427397.
701
What is the highest common factor of 636 and 17843934?
318
Calculate the greatest common factor of 52668 and 163977.
33
What is the highest common factor of 2806217 and 472?
59
Calculate the greatest common divisor of 17652 and 61170064.
5884
What is the greatest common divisor of 10755 and 8989985?
1195
What is the highest common factor of 750 and 36170640?
30
Calculate the greatest common factor of 14821720 and 9238.
62
What is the highest common factor of 520108320 and 480?
480
Calculate the highest common divisor of 516287 and 3857.
551
Calculate the greatest common divisor of 1596 and 34075132.
532
Calculate the greatest common divisor of 618193956 and 228.
228
Calculate the greatest common factor of 63582 and 1866.
6
What is the greatest common divisor of 6460194 and 11362?
598
Calculate the highest common factor of 185 and 1309003945.
185
Calculate the highest common factor of 263459 and 12340.
617
Calculate the greatest common factor of 31343 and 18499603.
2411
What is the greatest common factor of 35288 and 20425336?
3208
What is the highest common factor of 288 and 7451712?
288
What is the greatest common divisor of 20115991 and 7021?
413
Calculate the greatest common divisor of 240 and 28462680.
120
What is the highest common factor of 154521626 and 239?
239
What is the highest common factor of 542 and 14188?
2
Calculate the greatest common factor of 45297462 and 168.
42
Calculate the highest common divisor of 56 and 108097430.
14
Calculate the highest common factor of 77 and 262550816.
11
What is the greatest common factor of 806 and 5946382?
26
What is the highest common factor of 298 and 1057006?
298
Calculate the highest common factor of 341936 and 14990230.
6106
What is the greatest common divisor of 23954 and 3040128?
406
What is the greatest common factor of 57719294 and 335?
67
What is the greatest common factor of 225221605 and 63?
7
What is the greatest common factor of 917244 and 4906332?
6156
What is the highest common divisor of 1056 and 7754384?
176
Calculate the highest common divisor of 1740672 and 404948.
6044
What is the highest common divisor of 192 and 485544?
24
What is the greatest common divisor of 530 and 85561610?
530
Calculate the highest common divisor of 29 and 108483287.
29
Calculate the greatest common divisor of 11 and 1107407807.
11
Calculate the greatest common factor of 60 and 1358052.
12
Calculate the highest common divisor of 114 and 5779686.
114
What is the highest common divisor of 465474 and 1978?
46
Calculate the highest common divisor of 1262036 and 1166.
106
Calculate the greatest common divisor of 1754 and 865594615.
877
What is the highest common factor of 70432 and 1368?
8
What is the greatest common factor of 108921 and 1059?
3
Calculate the highest common divisor of 5635 and 1678985.
245
Calculate the greatest common divisor of 46348029 and 441.
63
Calcula